2
Suppose -6*v = -2*v - 16. Suppose v*t = 14 + 2. Suppose -10 = -t*z - z. What are the prime factors of z?
2
Let x(k) = 6*k + 31. List the prime factors of x(11).
97
Let q(z) = -z**3 - 3*z**2 - z + 3. Suppose -3*o = 1 - 16. Let y = o - 8. List the prime factors of q(y).
2, 3
Let v be (-2 - -6)*(-1)/(-2). Suppose -v*n + 5 = -1. Suppose 3*x - 15 + n = 0. What are the prime factors of x?
2
Let f = -225 - -429. What are the prime factors of f?
2, 3, 17
Suppose -8*q = -4*q - 28. Suppose 14*h - q = 13*h. List the prime factors of h.
7
Suppose -3*h - 3 = -2*m - 6*h, -h - 1 = 0. Suppose m = -4*p + 23. What are the prime factors of p?
5
Let j(b) = -b**3 + 13*b**2 + 2*b - 34. What are the prime factors of j(6)?
2, 5, 23
Let s = 2 + 0. Let t be ((-6)/(-4))/(s/20). What are the prime factors of 14*(-3)/t*-5?
2, 7
Let z(w) = 4*w - 20. Let q be z(14). Let p = q - 24. List the prime factors of p.
2, 3
Suppose -h = -0*h + 3. What are the prime factors of (1 - 0)/(h/(-15))?
5
Suppose 3*h - 450 = -3*f, 0*f = f - 3. List the prime factors of h.
3, 7
Suppose 0 = -0*j - 5*j + 670. Suppose -2*a - 4*h = -84, 0*a + 3*a + 4*h - j = 0. List the prime factors of a.
2, 5
Let x(h) = -h**2 + h - 3. Let a be x(3). Let q = a - -17. List the prime factors of q.
2
Suppose 3*d - 177 = -0*d. What are the prime factors of d?
59
Suppose -57 = -2*h + 39. Suppose -5*a + 222 = -h. What are the prime factors of (-2)/(-9) + 528/a?
2, 5
Suppose -4 = -3*v + 2. Suppose 3*b - 27 = -3*c, -3*b + v = -c - 9. Suppose 0 = k - 5*z - 22, k + 0*z + c*z + 5 = 0. List the prime factors of k.
7
Let q(d) = d - 1. Let f(c) = c**3 - 2*c**2 - 7*c + 5. Let o = 2 + -1. Let z(p) = o*f(p) + 6*q(p). What are the prime factors of z(3)?
5
Let k be ((-2)/(-4))/((-1)/8). Let d(s) be the second derivative of -s**4/12 - s**3 - s**2 - 6*s. What are the prime factors of d(k)?
2, 3
Let y(h) = 9*h. Let o(j) = -10*j. Let c(m) = 4*o(m) + 5*y(m). List the prime factors of c(1).
5
Let w(t) = -7*t + 1. Suppose 2*s - 6 = -2. Suppose -s*l - 4 + 2 = 0. What are the prime factors of w(l)?
2
Let q(z) = z**2 - 3*z - 5. Let h be q(5). Suppose h*f = 3*r + 24, -12 = -2*f - r + 3*r. Suppose -b - 2*b - 45 = -5*y, 9 = y - f*b. List the prime factors of y.
3
Let x(t) = 60*t + 18. What are the prime factors of x(5)?
2, 3, 53
Suppose 20 = 4*p - 8. Let u be 3/(-6)*-11*2. Let h = u - p. List the prime factors of h.
2
Suppose 4*q = 2*n - 2, 3*n - 36 = -4*q - 13. Suppose 240 = -q*t - 3*t. Let l = t - -70. What are the prime factors of l?
2, 11
Let h be ((-10)/(-30))/((-1)/(-3)). Suppose -5*b + 9 = -h. List the prime factors of b.
2
Let x = -16 + 32. Suppose -3 - 12 = -5*r, 5*b - 5*r = -65. Let u = x + b. List the prime factors of u.
2, 3
Let z(d) = d - 2. Let j be z(3). Let o = j + -1. Suppose -a + 2*a - 11 = o. What are the prime factors of a?
11
Let q(t) = 4*t - 4. Let s be (1 - 0 - 5)*-2. List the prime factors of q(s).
2, 7
Let v be (-42)/(-9)*1*3. What are the prime factors of 1/(-4)*-2*v?
7
Let c(h) = 3 - 3 - 1 + 4*h. Let u be c(1). Suppose -r - u = -1, -16 = -3*n - 4*r. List the prime factors of n.
2
What are the prime factors of -2 + 159/3 + 1?
2, 13
Let a(p) = -p**3 - 3*p**2 - 2*p - 3. Let w be a(-2). List the prime factors of 4 + (-1 + 7)/w.
2
Let y(k) = -6*k**2 + 19*k - 4. Let b(n) = -n**2 + 4*n - 1. Let c(m) = 11*b(m) - 2*y(m). Let v be (-1)/2*1*14. What are the prime factors of c(v)?
2
Suppose 15 = 8*c - 3*c. Let n(z) = -z**3 + 3*z**2 + 4*z - 1. List the prime factors of n(c).
11
Suppose -l - 15 = -6*l. Let f be (l - 3)/(-2) - -10. Suppose 0 = -n, 2*n - f = 3*g - 37. List the prime factors of g.
3
Let h = 0 - -4. Let a(r) = r**2 - 6*r + 5. Let l be a(h). What are the prime factors of 10*l/(-6) + 1?
2, 3
Let a be (6/12)/(2/12). List the prime factors of 37/a + 10/15.
13
Suppose -12 = 6*s + 48. Let g(u) = -u**3 - u**2. Let r be g(0). Let m = r - s. What are the prime factors of m?
2, 5
Suppose 3*q - 2*h = 37, 0 = -4*q - q - 4*h + 69. Let b = q - 3. List the prime factors of b.
2, 5
Suppose -10 + 5 = -x, -3*x = 4*f - 95. List the prime factors of f.
2, 5
Suppose -3*r + r = -3*o + 6, 0 = -r. Suppose c - 26 = -f, -6 = -f - o*c + 24. What are the prime factors of f?
2, 11
Let q(r) = 70*r - 85. Let v(c) = -5*c + 6. Let s(o) = 6*q(o) + 85*v(o). List the prime factors of s(-1).
5
Let u(x) = x**3 - 4*x**2 - x + 4. Let a be u(4). Suppose -58 = -3*i - a*c - c, -i + 4*c + 2 = 0. List the prime factors of i.
2, 3
Let j = 312 + -153. List the prime factors of j.
3, 53
Suppose -3*r + 434 = 5*s, s - r - 101 + 19 = 0. What are the prime factors of s?
5, 17
Let q(i) = 5*i**2 - 8*i + 44. What are the prime factors of q(6)?
2, 11
Let p(c) be the third derivative of c**5/60 - 5*c**4/24 + c**3/3 - c**2. Let g be p(5). Suppose -5*q = -g*q - 6. What are the prime factors of q?
2
What are the prime factors of 1/(0 - (-1)/(-19))*-2?
2, 19
Suppose 8 + 52 = 5*c. List the prime factors of c.
2, 3
Let s(q) = q**3 + 9*q**2 - 5*q - 6. Let y be s(-9). Suppose 2*n + y = 5*n. List the prime factors of n.
13
Suppose -11*w = -w - 1140. List the prime factors of w.
2, 3, 19
Suppose -3*l + 30 = -l. What are the prime factors of 2/(-5) + 336/l?
2, 11
Let j(i) = i**2 - 5*i + 5. Let x be j(5). Suppose 2*b - 3*l + 2 = 0, -l + 0*l = x*b - 12. Suppose -65 = -7*c + b*c. List the prime factors of c.
13
Let x be 1 + -2 - (0 + -8). Suppose x*l = 3*l + 8. List the prime factors of l.
2
What are the prime factors of (-3 - -5 - 0) + 3?
5
Suppose -1 - 5 = -3*m. Let w = -185 + 125. What are the prime factors of m/6 - w/9?
7
Suppose -15 = 3*o - 6. List the prime factors of (-3)/(-9) - 11/o.
2
Let q be 3 + 2*(-75)/(-6). What are the prime factors of -12*q/(-32)*2?
3, 7
Let q be (-2)/4 - 26/(-4). Suppose b + q = 4*b. Suppose b*d - 32 = -0*d. What are the prime factors of d?
2
Suppose 0 = 4*k + w - 287, 4*k + 4*w - 8*w - 272 = 0. List the prime factors of k.
71
Let x(a) = a**2 + 8*a - 13. Let j be (-2)/(-3 - -4) - -3. Let b(u) = -11*u**2 + 1. Let s be b(j). What are the prime factors of x(s)?
7
Let y(x) = 15*x**2 - x. Let g = -1 + 0. What are the prime factors of y(g)?
2
Let i = 187 - 95. What are the prime factors of i?
2, 23
Suppose 5*r + b = -48, -5*r - 2*b - 24 = 27. Let s be 2*r/24*-4. Suppose -6 - 24 = -s*l. List the prime factors of l.
2, 5
Let r be 8/12 - 4/6. Suppose 63 = -r*y - 3*y. Let p = y + 32. What are the prime factors of p?
11
Let l(r) = -2*r - 4. Let a be (-10)/(-45) + (-76)/18. What are the prime factors of l(a)?
2
Let d = 0 - -28. What are the prime factors of d?
2, 7
Let z(m) = -29*m - 20. List the prime factors of z(-6).
2, 7, 11
Suppose -b = i - 98, -2*b = 8 + 2. What are the prime factors of i?
103
Let k(o) = o**3 - 2*o**2 + 11*o - 15. What are the prime factors of k(7)?
307
Let z be 5/(45/(-6))*9. Let p be (-2)/(15/z + 2). Suppose -4*g = -3*j - 37, -j - 49 = -g - p*g. What are the prime factors of g?
2, 5
Suppose -s = 3*v + 43, -v - v - 42 = 4*s. Suppose -7*n + 2*n = 15. Let b = n - v. List the prime factors of b.
2, 5
Suppose -2*z = 4*k + 2, 2 - 9 = -3*z - 4*k. Suppose -v = -z - 3. What are the prime factors of v?
2, 3
Let g(s) = -6*s + 4. What are the prime factors of g(-6)?
2, 5
Let z(n) = -n + 1. Let f(v) = 6*v - 9. Let m(h) = -f(h) - 5*z(h). Let b be m(0). Suppose -b*u = u - 15. List the prime factors of u.
3
Let d = 19 + -14. List the prime factors of d.
5
Suppose -w = 2, 4*w + 8 = v - 0*w. Suppose -6*a + a + 65 = v. List the prime factors of a.
13
Suppose -3*g = -4*j + 75, -j - 58 = -4*j + 4*g. Suppose 0 = -0*u + 3*u - j. Let q = 10 - u. List the prime factors of q.
2
Suppose -2*x + 2 = 0, -3*c = -6*c - 5*x + 17. Suppose -4*t = -10 - 26. List the prime factors of c/(-6) + 141/t.
3, 5
Let s = 2 - -11. Let k = s - 4. What are the prime factors of k?
3
Let l(x) be the second derivative of x**6/720 + 7*x**5/60 - x**4/4 + 2*x. Let p(i) be the third derivative of l(i). What are the prime factors of p(0)?
2, 7
Let a(k) be the first derivative of k**4/4 + 5*k**3/3 - 7*k**2/2 + 2*k - 2. Let t be (-38)/6 - 2/(-6). List the prime factors of a(t).
2
What are the prime factors of 4 - (2*-64 + (-4)/1)?
2, 17
Let x(l) = l**2 - 5*l + 3. Let s be x(5). Suppose s*y = -1 + 7. What are the prime factors of -4*(y - 15/4)?
7
Suppose -217 - 23 = -4*o. What are the prime fac